32230133121
In base 4, what is 1102300 - 20022302?
-12320002
In base 14, what is -5602a + -4b2?
-564dc
In base 5, what is 133 - 12244143?
-12244010
In base 5, what is -10014 - -42003?
31434
In base 4, what is -2313310 - 111030?
-3031000
In base 11, what is -5 - 1469130?
-1469135
In base 15, what is 6c3 + 3595?
3c68
In base 5, what is -1 - -244330001?
244330000
In base 2, what is 111011111111 - 1011010100?
110000101011
In base 8, what is -4274 + -266051?
-272345
In base 9, what is 65580476 - -3?
65580480
In base 3, what is 121211212210120 - 20?
121211212210100
In base 10, what is -9983 - -297?
-9686
In base 11, what is -83 + 509131?
509059
In base 7, what is -54 - 4510503?
-4510560
In base 15, what is -1539d + 4e?
-1534e
In base 15, what is -10 - 1a2b4?
-1a2c4
In base 10, what is 99 + 3271?
3370
In base 15, what is 1195196 - 1?
1195195
In base 12, what is -3 - -5a58ab?
5a58a8
In base 12, what is -113948b3 - 4?
-113948b7
In base 15, what is -21 + -336dc?
-3370d
In base 14, what is 1b9d - 10396?
-c5d7
In base 13, what is -aa28808 + -3?
-aa2880b
In base 8, what is -2 - -155301614?
155301612
In base 13, what is -9c653 - -19?
-9c637
In base 9, what is 4 - 345072?
-345067
In base 2, what is -10111001111011010111001011 + 100?
-10111001111011010111000111
In base 9, what is -2 - -2257830?
2257827
In base 2, what is 1000000001 - 11000001101111100011?
-11000001100111100010
In base 9, what is 34 + -570120?
-570075
In base 4, what is -1203 - 23010313310?
-23010321113
In base 15, what is 4c5 - -1d70?
2345
In base 12, what is -1b + 1042770?
1042751
In base 8, what is -112324024 + -3?
-112324027
In base 3, what is -1 + 22010112201101110?
22010112201101102
In base 6, what is -23044010 - -3?
-23044003
In base 8, what is 1364445504 - 4?
1364445500
In base 13, what is -1 + 16656?
16655
In base 12, what is 63 + -672ab?
-67248
In base 5, what is 1243 - 40223112?
-40221314
In base 10, what is 11613947 - 43?
11613904
In base 9, what is 58822047 + 6?
58822054
In base 16, what is -4aa5d - -6d?
-4a9f0
In base 14, what is -2851 - 1676?
-40c7
In base 16, what is -6957e + -ea?
-69668
In base 2, what is -1100101 - -1010101110101110?
1010101101001001
In base 4, what is -131 - -22201330123?
22201323332
In base 8, what is -5 - 1067616675?
-1067616702
In base 14, what is 1091 - -83b?
18cc
In base 9, what is 18455550 + -5?
18455544
In base 13, what is -1a78a5a6 - -3?
-1a78a5a3
In base 2, what is 1101 - -101100111110010011010?
101100111110010100111
In base 14, what is -63a038 + 8?
-63a030
In base 9, what is 4 - 345160?
-345155
In base 3, what is 211112 - -112111200?
120100012
In base 7, what is -34614103 - 2?
-34614105
In base 6, what is -1 + -154210534?
-154210535
In base 16, what is 2ab + 985f?
9b0a
In base 8, what is -12 + -1365366?
-1365400
In base 14, what is cd4c111 - 5?
cd4c10a
In base 4, what is -33230302 - -1301?
-33223001
In base 5, what is -20 + -103133043?
-103133113
In base 7, what is -230466 + -16301?
-250100
In base 4, what is 21 - 12030321213?
-12030321132
In base 11, what is -3 - -62a76a?
62a767
In base 16, what is 3f6c8 + -5ae?
3f11a
In base 10, what is 436 - 34735?
-34299
In base 15, what is 5 - -5c94b6?
5c94bb
In base 9, what is -7 - 14346140?
-14346147
In base 9, what is 138231476 + -1?
138231475
In base 14, what is 2ac70 + 18?
2ac88
In base 3, what is 12 + 1100212212102022?
1100212212102111
In base 13, what is -77271a3 + 4?
-772719c
In base 3, what is -1020011222 + -2010121?
-1022022120
In base 10, what is 89 + 52680?
52769
In base 10, what is -2880690 - 34?
-2880724
In base 10, what is 0 - 36030340?
-36030340
In base 15, what is -5015d3 - 3?
-5015d6
In base 13, what is -4abc + -293?
-5082
In base 15, what is -3 - -104dd74?
104dd71
In base 15, what is -1 - -51d951b?
51d951a
In base 13, what is -c86 + -11137?
-120c0
In base 9, what is 407677 - 2?
407675
In base 15, what is 12791e + -3?
12791b
In base 11, what is -447261 - 64?
-447315
In base 8, what is -45 - 3157517?
-3157564
In base 15, what is 1597882 - -c?
159788e
In base 3, what is 212 + 10102001202210020?
10102001202211002
In base 12, what is -11a3839b + -4?
-11a383a3
In base 7, what is -502 - -24562523?
24562021
In base 7, what is -4252 + -2641?
-10223
In base 3, what is 121201120020102 + 2?
121201120020111
In base 13, what is 3546 - 5756?
-2210
In base 4, what is -2011 - -3003203?
3001132
In base 7, what is -253146544 + -6?
-253146553
In base 15, what is -68 + -1ae6e2?
-1ae75a
In base 3, what is -22021202112 + -1001200?
-22022211012
In base 3, what is -20 + -2112100022201?
-2112100022221
In base 16, what is -58 - 38d6ea?
-38d742
In base 16, what is -3 - 631851?
-631854
In base 9, what is -4 + 202070115?
202070111
In base 13, what is 7a + c5274?
c5321
In base 9, what is 558 + -2777?
-2218
In base 7, what is -1 + -414062504?
-414062505
In base 15, what is 1b8 - 8c06?
-8a3d
In base 14, what is -6 - 739322?
-739328
In base 9, what is -2 - 6654111?
-6654113
In base 8, what is 1424233 - 26?
1424205
In base 4, what is -23030011310 + 12210?
-23023333100
In base 15, what is -122 - -6396a?
63848
In base 8, what is -1 + -4050412?
-4050413
In base 4, what is -112 + 312033101101?
312033100323
In base 15, what is 156 - 2576d?
-25617
In base 12, what is 10a - -147b06?
148014
In base 5, what is 4242011242 - 2?
4242011240
In base 4, what is 1121 + -211003232?
-211002111
In base 6, what is -1423154140 - 3?
-1423154143
In base 2, what is 1100001001000000110101111000 - -10?
1100001001000000110101111010
In base 5, what is -140033124114 - -3?
-140033124111
In base 16, what is -5 + -493cf85?
-493cf8a
In base 7, what is 231505135 - -4?
231505142
In base 3, what is -1221001012 - 212?
-1221002001
In base 10, what is 2 + -4650031?
-4650029
In base 14, what is 428c - d660?
-93b2
In base 8, what is 2 - -123772724?
123772726
In base 4, what is 1310 + -213311312?
-213310002
In base 11, what is 271690 - -8a7?
272487
In base 13, what is -545 - 82b9?
-8831
In base 16, what is 7 + -23bed3?
-23becc
In base 14, what is -33 + -8b28c?
-8b2c1
In base 7, what is -4 - 25104663?
-25105000
In base 7, what is 263212 - -22?
263234
In base 5, what is 240321 - 2001?
233320
In base 4, what is 1103 + -3313231230?
-3313230121
In base 5, what is 3044333204 + 23?
3044333232
In base 16, what is d2ad6 - 1?
d2ad5
In base 8, what is -4 + 13503742?
13503736
In base 16, what is 28d95 - -76?
28e0b
In base 9, what is 12 - 7503715?
-7503703
In base 5, what is 202 + 3022000?
3022202
In base 13, what is 746 - 21952?
-21209
In base 10, what is -60216083 + -2?
-60216085
In base 8, what is -3 + -20742554?
-20742557
In base 16, what is -3 - -ac85d?
ac85a
In base 8, what is -41004 + 4024?
-34760
In base 15, what is 3e193e - 5?
3e1939
In base 11, what is -3 + 6931078?
6931075
In base 5, what is -2 - 14344142210?
-14344142212
In base 9, what is 5 + -33660202?
-33660186
In base 9, what is 10 - -205751066?
205751076
In base 9, what is 4 + -750346484?
-750346480
In base 16, what is -11 - 38256?
-38267
In base 7, what is 10 + 430301064?
430301104
In base 4, what is -220211233 + -3202?
-220221101
In base 5, what is -1123122213 - 111?
-1123122324
In base 12, what is 3 + 2153b87a?
2153b881
In base 8, what is -70 + -16124167?
-16124257
In base 7, what is 234625613 + -3?
234625610
In base 14, what is 700c53d - -5?
700c544
In base 7, what is 4 - -105635535?
105635542
In base 8, what is 2202 - 22673?
-20471
In base 11, what is -2a105a6 - 15?
-2a10610
In base 12, what is -172a610 - -42?
-172a58a
In base 7, what is 12 + 11032034?
11032046
In base 12, what is -2 - 2447721?
-2447723
In base 14, what is -958 + 1a37?
10bd
In base 3, what is -2100221100220021 + 12?
-2100221100220002
In base 14, what is -c8768 - 13?
-c877b
In base 7, what is -226624 + -662?
-230616
In base 13, what is -61104 + 390?
-60a44
In base 3, what is -120012101101010 - 10001?
-120012101111011
In base 15, what is 275 - 9db2?
-9b3c
In base 6, what is 402 + -501524333?
-501523531
In base 5, what is -24 - 1111224334?
-1111224413
In base 16, what is 6b + -1af6e?
-1af03
In base 4, what is 1 + -123132233100?
-123132233033
In base 4, what is -1030232113232 - -2?
-1030232113230
In base 14, what is -5 + -4b13753?
-4b13758
In base 3, what is -110220110001 + -10201?
-110220120202
In base 3, what is 20221 + -11202100222012?
-